24443000131 - -1?
2224443000132
In base 5, what is 1230442 + 44022?
1330014
In base 10, what is 5044 - -22850?
27894
In base 4, what is 101000203 - 2330?
100331213
In base 15, what is -17c1254d - -3?
-17c1254a
In base 3, what is -1 + -1000210200012122?
-1000210200012200
In base 4, what is 2 + -202110333221?
-202110333213
In base 8, what is 673 + 246324?
247217
In base 11, what is 1399025 + 120?
1399145
In base 6, what is 2255 - 502053?
-455354
In base 4, what is -1023 + -320321301?
-320322330
In base 4, what is 1011 + 3130221?
3131232
In base 8, what is -401072076 - 2?
-401072100
In base 10, what is 17 + -540150?
-540133
In base 11, what is -3 + -30044737?
-3004473a
In base 8, what is -1665751 + 201?
-1665550
In base 12, what is 12987923 - 0?
12987923
In base 14, what is -4389a2 + -d?
-4389b1
In base 12, what is a - 829850?
-829842
In base 12, what is 0 + 31b038?
31b038
In base 5, what is -23 - -443232142?
443232114
In base 5, what is 340211 - -11423?
402134
In base 12, what is -5aa7 + -347?
-6232
In base 13, what is 3a + -325109?
-32509c
In base 2, what is 10001100100100 + -10000111010010?
101010010
In base 6, what is 345303454 - 0?
345303454
In base 3, what is -1112202001 - 222222?
-1120202000
In base 15, what is -196e0b + -16?
-196e22
In base 7, what is -34063013 - -3?
-34063010
In base 5, what is -210114414122 + -3?
-210114414130
In base 3, what is 1220111211100211 + 10?
1220111211100221
In base 4, what is -10 + -122313301313?
-122313301323
In base 6, what is 504232244 - -12?
504232300
In base 12, what is -6b8880 - 61?
-6b8921
In base 12, what is -150a946 + -29?
-150a973
In base 16, what is 3171 - -384?
34f5
In base 3, what is 101022001 + 12010100?
120102101
In base 12, what is -19715 + -37?
-19750
In base 11, what is -858277 - 71?
-858338
In base 6, what is -40113 + -3312?
-43425
In base 7, what is 444252535 - 5?
444252530
In base 15, what is -72497 + 3?
-72494
In base 3, what is 10202202020020101 - -10?
10202202020020111
In base 2, what is 10000001101100010100011100 - 101?
10000001101100010100010111
In base 11, what is 2782212 + -40?
2782182
In base 10, what is 2 + 199989168?
199989170
In base 2, what is 1101 - -1101000001011110101?
1101000001100000010
In base 2, what is -100110111101011 + 11011110110?
-100011011110101
In base 7, what is 16 - 366336?
-366320
In base 10, what is 19 - 958994?
-958975
In base 9, what is 342818 + 770?
343688
In base 7, what is -2202202130 - -2?
-2202202125
In base 4, what is -1000023031 + 300?
-1000022131
In base 11, what is 132184 + 5?
132189
In base 7, what is -33203 + -504?
-34010
In base 3, what is 21110200 + -1011022?
20022101
In base 7, what is -34 - 653022450?
-653022514
In base 15, what is -bec5 - -4401?
-7ac4
In base 9, what is -2066 + 204388?
202322
In base 14, what is -2019223 - -1b?
-2019206
In base 3, what is -1 - -2202221001220010?
2202221001220002
In base 6, what is -45 - -3253041?
3252552
In base 14, what is -12c6 + -8995?
-9c7b
In base 13, what is -8b - -a20c1b?
a20b60
In base 11, what is 0 - 29a59892?
-29a59892
In base 6, what is 13330 + -11351535?
-11334205
In base 13, what is 172 + -519b?
-5029
In base 2, what is -10010011110 - 1100001000011?
-1110011100001
In base 4, what is 2113300 - 1032210?
1021030
In base 14, what is 1624 + 8830?
a054
In base 11, what is 9 + -2937070?
-2937062
In base 6, what is -14300015 + 3205?
-14252410
In base 12, what is -5ab5 + 2817?
-329a
In base 7, what is 226 + 6655230?
6655456
In base 11, what is 608 + 4046?
4653
In base 7, what is 3526542342 + 3?
3526542345
In base 5, what is 120330112 - -1340?
120332002
In base 14, what is 3a22 - 1b55?
1cab
In base 6, what is -12321 - 502351?
-515112
In base 14, what is 7619068 + 8?
7619072
In base 8, what is -4734617 - -11?
-4734606
In base 6, what is 114 - 155251325?
-155251211
In base 5, what is -44 + -113040421?
-113041020
In base 14, what is 711 + 8675?
8d86
In base 7, what is 0 + 112004063?
112004063
In base 13, what is -1 - -111695c9?
111695c8
In base 14, what is -4 - -34bc3a?
34bc36
In base 11, what is 118 - 13a6615?
-13a64a8
In base 8, what is -1274 + 71742?
70446
In base 13, what is 407a + -1?
4079
In base 11, what is 122 + -a5530?
-a5409
In base 10, what is 1009 + 31778?
32787
In base 2, what is 1010010111011101000101 + -11?
1010010111011101000010
In base 14, what is -5 - -9110?
9109
In base 11, what is -5129048 - 1?
-5129049
In base 13, what is -9b26c19 + -4?
-9b26c20
In base 10, what is 348007 - -104?
348111
In base 15, what is -2 - -26ac7b?
26ac79
In base 14, what is -1911 + -1009b?
-119ac
In base 9, what is -8428 - -6833?
-1485
In base 9, what is 34447415 + 33?
34447448
In base 2, what is 1010 - 11101111101111100100111?
-11101111101111100011101
In base 9, what is 0 + 1470172?
1470172
In base 5, what is 4123140323 - -23?
4123140401
In base 6, what is -11430 + -543034?
-554504
In base 16, what is 1860 - 7b6a?
-630a
In base 3, what is 122220200 + -22221022?
22222101
In base 14, what is -25ba9d146 + -4?
-25ba9d14a
In base 16, what is -2fd + 10a68?
1076b
In base 8, what is -7 + 24227067?
24227060
In base 4, what is 21010303022 + 13?
21010303101
In base 4, what is 302111 + -10203?
231302
In base 5, what is 2220441 - 41041?
2124400
In base 2, what is 11101001001010101 + 10100?
11101001001101001
In base 2, what is -1001 - 101111101101101100111?
-101111101101101110000
In base 6, what is 4023 + 4535154?
4543221
In base 16, what is 3a3 - -7edd2?
7f175
In base 11, what is -12034 + 12848?
814
In base 4, what is -10102322101 + 2112?
-10102313323
In base 10, what is 39040 - 392?
38648
In base 8, what is 127263 - 2662?
124401
In base 13, what is 12 - 140365?
-140353
In base 15, what is 10d7d - -346?
111c4
In base 14, what is -2868dc + 14?
-2868c8
In base 13, what is 11 - 14a800?
-14a7bc
In base 10, what is 614 + -55628?
-55014
In base 12, what is -40581b84 - 1?
-40581b85
In base 13, what is 14a3a7 - 0?
14a3a7
In base 9, what is -2213664 + -3?
-2213667
In base 11, what is 235 + 632760?
632995
In base 13, what is 7546 - 347?
71cc
In base 7, what is -6 + -3416042?
-3416051
In base 4, what is 1332 + -123010200002?
-123010132010
In base 6, what is 4322531 - 220?
4322311
In base 6, what is -324131552 - 40?
-324132032
In base 10, what is 280483 + -7?
280476
In base 11, what is -459 - a1664?
-a2012
In base 6, what is 4541510134 + 3?
4541510141
In base 4, what is 1000113 - -11122?
1011301
In base 14, what is 129858 - -7?
129861
In base 6, what is -102104455 - -12?
-102104443
In base 13, what is a95 - -53296?
5405b
In base 8, what is -570171 - 67?
-570260
In base 6, what is -5 + -135055?
-135104
In base 8, what is 2511 + 1425?
4136
In base 5, what is -21311412413 + 4?
-21311412404
In base 3, what is 12101000112 - 1000102?
12100000010
In base 16, what is -5 + 27fe66?
27fe61
In base 4, what is -22123 + 2302332?
2220203
In base 14, what is 71459a4 + 4?
71459a8
In base 11, what is 2a10 + 1095?
3aa5
In base 2, what is -100011000101 - -1011110110000010?
1011010010111101
In base 8, what is -3 + -100377562?
-100377565
In base 2, what is -100011010011100000100 + -111010?
-100011010011100111110
In base 12, what is 152b29 + 4?
152b31
In base 16, what is -2 + -1269982?
-1269984
In base 7, what is -12 + -14463513?
-14463525
In base 10, what is -6 - -1539364?
1539358
In base 16, what is -121605d + 7?
-1216056
In base 16, what is 47 + -16ede?
-16e97
In base 11, what is -1843137 - 2?
-1843139
In base 14, what is -1a6158 - -1?
-1a6157
In base 8, what is 1271421 - 16?
1271403
In base 9, what is -308 - 531332?
-531641
In base 4, what is -1010 + 111202032?
111201022
In base 2, what is -101 + -11100011001000111001?
-11100011001000111110
In base 5, what is 0 - 2411431200?
-2411431200
In base 15, what is -3e + -aee?
-b3d
In base 15, what is 15 - -2dda59?
2dda6e
In base 11, what is -41 + -34201?
-34242
In base 6, what is -255313 + -1355?
-301112
In base 16, what is -6e9 + 3fad?
38c4
In base 8, what is 45 - -155626?
155673
In base 2, what is -1 - -10001111101011101111011010101?
10001111101011101111011010100
In base 9, what is 673 - -813816?
814600
In base 2, what is 1001010000110100011111010 - 101?
1001010000110100011110101
In base 16, what is 8 + 31b4674?
31b467c
In base 16, what is 4 - 15e82b?
-15e827
In base 5, what is 1301 + 10104340?
10111141
In b